-8
What is (-10 - -10) + 8 - 0?
8
What is the value of 1 + (0 - -1) - (-77 + 58 + 26)?
-5
Calculate -26 + -13 + (-6 - -27).
-18
Evaluate 2 - -28 - (176 - 127).
-19
What is 31 + (14 - 32 - -5)?
18
399 + -364 - (1 - -19)
15
Evaluate (4 - -2) + (4 - (1 + (-3 - -9))).
3
What is -1 + (5 + 10 - 9) + 3?
8
Calculate 9 + (1 - 21) - (-11 + 5).
-5
What is 14 + (-21 - (-38 + 8))?
23
Calculate -6 - (18 - (3 + 47)).
26
What is the value of 0 + 1 + 2 - (-1 - (7 - 16))?
-5
-1 + -8 + (-84 - -64 - -8)
-21
What is the value of -4 + (0 - -2) - (10 + -6 + -2)?
-4
-21 - ((-9 - 14) + -16 + 19)
-1
What is the value of 4 + (3 - -1) + -1 + (13 - 15)?
5
Evaluate ((-25 - 2) + 9 - 8) + 5.
-21
What is the value of -171 - -187 - (1 + 21)?
-6
8 - -1 - (-1 + 6 + -4 - 16)
24
14 - (-9 - (-26 + -12))
-15
Evaluate 79 - 81 - (-2 + (5 - -3)) - -19.
11
What is -3 - (37 + -11 - 34)?
5
What is the value of 0 + 2 - (112 - 109)?
-1
Calculate -2 + -4 + -36 + 9.
-33
What is -1 + 2 + -18 + 13?
-4
What is -64 + 56 + (11 - -3)?
6
What is the value of (1 - 6) + (-11 - -14) - (11 - 0)?
-13
Calculate 12 - 1 - (-8 - (20 - 32)).
7
What is the value of 4 - 2 - (-17 - -21)?
-2
What is the value of 4 + (-3 - (-3 - -6) - (2 - -5))?
-9
What is the value of -9 + -18 + 28 + -12 + 5?
-6
(-32 - -19) + 13 - (0 + -22)
22
584 + -610 + (1 - -29)
4
What is 11 + 8 - ((0 - -2) + (8 - 4))?
13
Evaluate -47 + 34 + (-3 - -38).
22
Evaluate 7 - (-12 + 6 - -18 - 17).
12
Calculate 15 + (36 - (-11 - -37)).
25
What is -6 - (9 - 0) - -6?
-9
What is the value of (13 + -17 - (-3 - (4 - 3))) + -3?
-3
What is the value of 4 + (1 - 5 - 17)?
-17
(-39 - -6 - -19) + -3
-17
0 + (18 - -24) - 22
20
Calculate 9 + (-38 - -10) + (-6 - -1) - -6.
-18
Evaluate (-17 - (15 - 9)) + 13.
-10
9 + (-2 + 0 - (-26 - (8 + -16)))
25
-141 + 139 + (-10 - (4 - 0))
-16
What is the value of 0 - (-20 + -12 + 18)?
14
Evaluate -16 + (1 - (-5 + 1 + 5 - 3)).
-13
Calculate 1 + -7 + 2 - (-243 + 214).
25
What is the value of 0 + (52 + -48 - (14 + (-2 - -2)))?
-10
-4 + (36 - 49) + 5
-12
Evaluate 32 + (9 - 9 - 7) + -4 + 12.
33
What is (-5 + 9 - 0) + 0 + (0 - 17)?
-13
What is the value of -2 + -7 + 14 + -5?
0
What is 11 + -7 + 0 - -7?
11
-2 + 0 + (-293 - -302)
7
What is the value of (4 - 4) + (-8 - 2 - -5) - -13?
8
Evaluate -2 - -2 - (-113 - -114).
-1
Calculate -4 + 7 - 24 - (-47 + 36).
-10
-15 + (-6 - 2 - -4) - (-2 + -4)
-13
What is 20 + -29 + (-2 - 3) - -4?
-10
What is the value of -1 + (0 - -8) + (-319 - -297)?
-15
What is -37 + -4 - (191 + -203)?
-29
Calculate -7 - (51 + -51 + (-1 - 3) + 1).
-4
What is the value of (-30 - -43) + (-2 - 3) - (-4 - 1)?
13
Calculate (-35 + 18 - 6) + 4.
-19
What is the value of 23 - 3 - (-1 + -6 - -15)?
12
What is -16 + (-19 - -19) + -16 + 51?
19
Calculate (-3 - (18 - 4) - -7) + 5.
-5
Evaluate -289 + 261 - (0 - 48).
20
Calculate 18 + 9 + -5 + -32.
-10
What is 26 + 0 + 652 + -670?
8
Evaluate -29 - -34 - (-1 + -9).
15
What is the value of (4 + (2 - 4) - 7) + (-229 - -231)?
-3
What is 7 + (-2 - (4 - (5 + -6 + 9)))?
9
Evaluate 3 + -10 - (-17 + (-5 + 2 - -5)).
8
What is -19 + (17 - 4) - 3?
-9
What is (-10 - -11) + 6 + -1 - (17 + -1)?
-10
What is (-31 - (-34 + 18)) + (-1 - -38)?
22
Evaluate (6 - 3) + 2 - (0 - 11 - -5).
11
Calculate (2 - ((4 + -2 - 4) + -9)) + 0.
13
(11 - -8 - 7) + -15
-3
What is the value of -7 + 9 + (4 - 14)?
-8
What is the value of 3 - (-1 + -10 - -2 - (-5 + -1))?
6
What is (-9 + 3 + 3 - -43) + -15?
25
Calculate -5 + (6 - 11 - (-2 + 2 + 4)).
-14
Evaluate (-17 + 9 + 13 - (2 - -2)) + -2.
-1
Calculate 35 - (-11 - -29) - 14.
3
Evaluate -6 - (4 - (-12 - -39)) - 37.
-20
What is -15 + (15 - 9) + 16?
7
What is -67 - -72 - (7 + (1 - 5) + 38)?
-36
What is the value of -8 - 2 - (240 + -260)?
10
What is 1 - 4 - (16 + 5 + -11 + -2)?
-11
Evaluate -11 + 0 - (-22 - -11).
0
Calculate 25 + 13 + -6 + -5 - (-6 - 2).
35
What is (-8 + 13 + 12 - 53) + 2 + 1?
-33
Calculate 5 + (-14 - -2) + 22.
15
Evaluate (15 - 0) + 196 + -224.
-13
Calculate 7 + -4 + (5 - -18).
26
What is the value of (-14 + 8 - -19) + (-26 - -14) + 12?
13
-16 - -4 - (5 + -13)
-4
What is the value of -93 + 71 + (9 - ((-2 - -5) + 0))?
-16
Calculate -12 - (1 + (11 - 13)).
-11
What is the value of 1 + -1 - (-16 + (12 - (10 + 0)))?
14
What is the value of -6 + -12 + 43 + -37?
-12
Evaluate 29 - 12 - (18 + -18) - 23.
-6
Calculate (12 - (5 + (2 - -2))) + -2 + 1.
2
What is (1 - 3) + 1 - (4 + 5 + -11)?
1
Evaluate (-19 - 9) + -5 + 7.
-26
-16 - (-27 + 14 - 2)
-1
Evaluate -15 + 23 + (-29 - -17).
-4
Calculate 9 + (-36 + 21 - 15).
-21
What is 3 + (5 - 4) + -17 + (-3 - 4)?
-20
What is the value of 39 + -55 - -17 - (0 + (0 - -1))?
0
What is the value of 5 - -4 - (-1 - (0 - 7))?
3
Calculate (3 - -8) + -7 + -13 + 19.
10
Calculate -277 + 284 + 2 + -22 - 0.
-13
What is 0 - (-9 + 13 + (-14 - 3))?
13
What is 29 + 0 + 8 + (27 - 56) + 26?
34
Evaluate (20 - 17) + (3 - 2) + 6.
10
What is 7 - 1 - (-25 + -2 + 36)?
-3
What is 18 + -11 + -4 + -5?
-2
Evaluate (-16 - -27) + (-1 - 1) + (-9 - 0).
0
Calculate 99 - 103 - (-10 + -1) - 5.
2
Evaluate (-4 - -9) + -2 + (-1 - 1) + 5.
6
-813 + 798 - (0 + 4 + -2)
-17
What is the value of -16 - ((-12 - -15) + -2 - (7 - 0))?
-10
What is (8 + -3 + 4 - 1) + 1 + -22?
-13
What is the value of 0 + -12 + 14 + -6 - (1 - 5)?
0
What is 1 - 40 - -56 - 28?
-11
Evaluate 7 + (-32 - -22) + 2.
-1
Evaluate -5 + -7 + 14 + -4 + -4 + -2.
-8
What is the value of 11 - 21 - (4 + -10)?
-4
-10 + (5 + -18 - -7)
-16
Evaluate 203 - 219 - (-20 - 1).
5
27 + -9 + -5 + (-3 - (6 + -6))
10
Calculate -1 - 6 - -3 - (14 + -23).
5
What is (-2 + 17 - -9) + (-3 - 13)?
8
Evaluate (5 - -5) + -7 + -3 - -16 - 6.
10
-6 + 31 + (-33 - -3)
-5
Calculate 3 + -7 - (7 - 5).
-6
Calculate (0 - -1 - (23 + -17)) + (12 - 0).
7
What is the value of -5 - (-20 + 3) - (-5 - (1 + -6))?
12
Calculate (30 - (-11 + 29) - 12) + 1 + 11.
12
Evaluate 4 - 35 - -3 - ((16 - 26) + 5).
-23
8 + (-5 - (8 + -9)) + -6
-2
What is -18 - (-31 + (11 - -5))?
-3
What is the value of (-7 + -7 - -24) + -6 - -14?
18
What is 2 + -28 + 1 - (33 + -20 - 15)?
-23
Calculate (22 - (-3 + 1 + -2)) + (-50 - -42).
18
What is -24 + -5 + 14 + 10?
-5
What is the value of -1 - (0 - 10) - 13?
-4
What is the value of 2 + (-8 - -2) + -6 + -2?
-12
-2 - -6 - (-4 + (-10 - (-4 - 11)))
3
What is the value of 11 + 5 + (12 - 64) - -13?
-23
What is the value of -8 - 18 - -74 - 43?
5
What is the value of -2 + -5 + 9 + -14 + 4?
-8
What is 19 - (-33 + 10 + 5 + 20)?
17
Evaluate 0 - -10 - (186 - 196).
20
Evaluate 2 - (17 - -4 - (11 + -4)).
-12
What is the value of 5 + -9 + 5 - (180 + -191)?
12
What is the value of 7 - 12 - (-3 + 2 + 5) - -4?
-5
What is the value of 4 + -9 + -21 + 2 + 7?
-17
(-15 - (-13 + (-26 - -8))) + -8
8
What is the value of -10 + (-197 + 182 - (-4 + 0 + 0))?
-21
Calculate -14 - (-34 - -16) - 14 - -11.
1
Evaluate -1 - ((-4 - -1) + -5 + -3).
10
What is the value of 1 + -7 - (6 - (-8 - -5))?
-15
Evaluate -6 + 24 + 10 + -49 + 31.
10
What is the value of -31 - (-45 - (-24 - -10))?
0
(-12 - (-8 + -3 + 10)) + 8
-3
Calculate -4 - ((-12 - -10) + 2).
-4
13 + 0 - (306 - 305)
12
Calculate -13 + 4 + (6 - (6 + 0 + -1)).
-8
What is the value of -1 - 15 - (105 - 102) - -17?
-2
Calculate (9 - 0) + (-2 + -13 - -14).
8
(-11 - -2) + (2 - (9 - 7))
-9
What is the value of (-11 - (11 + -18)) + (4 - -1)?
1
What is the value of -12 + 9 - ((-5 - 2) + 0 + -1)?
5
What is -7 + (7 - 0 - (-13 - -8 - 6))?
11
Calculate 41 - (-8 + 21 - 6).
34
(-1 - 12) + 345 + -348
-16
What is -71 + -44 + 90 - -50?
25
3 + (-20 + 10 - -14 - 14)
-7
What is -5 - -7 - (-3 - 10)?
15
Evaluate 10 + -16 + 19 + -9 + 19.
23
Calculate 6 - (-100 - -102 - (-1 + -7 + -1)).
-5
(14 + -5 - 12 - -10) + 4
11
Evaluate 18 + 28 + -31 + -5.
10
Evaluate (-3 - 1) + (-5 - -17 - (-30 + 38)).
0
What is the value of -7 + -14 + -10 + 20?
-11
1 + (10 - 5) - (-11 - -27)
-10
What is -1 + (-5 - -2) + -10?
-14
Calculate 5 + (-17 - -11) + 7.
6
What is -1 + 1 - -4 - (104 - 100) - 16?
-16
Evaluate -1 - (13 + -20) - 18 - 8.
-20
-4 - 2 - (28 + -82 - -76)
-28
Calculate -4 + (26 + -38 - (-1 - 11)).
-4
What is the value of 21 + (14 - (11 - -14))?
10
Calculate 38 - (1 + (-3 - (-9 + -8))).
23
-12 - (0 + -8) - -7
3
2 - 4 - (19 - 17 - 20)
16
Evaluate -12 - ((-29 - 3) + 14).
6
What is the value of -2 - -6 - (17 + -18)?
5
-2 + -16 + 21 + 12
15
What is the value